{"version":"1.0","provider_name":"Allergia \u00e9s \u00e9letm\u00f3d","provider_url":"https:\/\/allergia.cafeblog.hu","author_name":"Lin","author_url":"https:\/\/allergia.cafeblog.hu\/author\/lin\/","title":"Vesz\u00e9lyben vannak a szem\u00e9lyes adataid!","html":"<p>A k\u00f6z\u00f6ss\u00e9gi m\u00e9di\u00e1n kereszt\u00fcl a j\u00f3akar\u00f3k is el\u0151seg\u00edthetik, hogy vissza\u00e9ljenek a szem\u00e9lyes \u00e9s a k\u00fcl\u00f6nleges adataiddal!\u00a0<\/p>\r\n<p><em>Ha egy posztban szem\u00e9lyi igazolv\u00e1nyt, vagy egy\u00e9b szem\u00e9lyes adatokat tartalmaz\u00f3 igazolv\u00e1nyt l\u00e1tsz a k\u00f6z\u00f6ss\u00e9gi m\u00e9di\u00e1ban, azonnal jelezd a megoszt\u00f3 fel\u00e9, hogy <strong>tilos\u00a0ilyen adatokat megosztani, mert b\u0171ncselekm\u00e9nyt k\u00f6vet el ezzel<\/strong>. Senki sem szeretne \u00fagy j\u00e1rni, hogy az igazolv\u00e1nya adataival valaki jogs\u00e9rt\u00e9st k\u00f6vessen\u00a0el, pedig csak egy j\u00f3hiszem\u0171 posztol\u00f3 k\u00f6nnyebb \u00fatnak tal\u00e1lta felrakni az internetre nyilv\u00e1nosan, h\u00e1tha a gazd\u00e1ja \u00edgy jelentkezik.\u00a0<\/em><\/p>\r\n<p><strong><span style=\"color: #ff0000\">Ha igazolv\u00e1nyt tal\u00e1lsz, azonnal add le a legk\u00f6zelebbi okm\u00e1nyirod\u00e1ban!<\/span><\/strong><\/p>\r\n<p>Egyre t\u00f6bb kedves megtal\u00e1l\u00f3 teszi fel a tal\u00e1lt igazolv\u00e1nyokat kitakaratlan szem\u00e9lyes adatokkal\u00a0a Facebookra nyilv\u00e1nosan. Tulajdonk\u00e9ppen ez is egy m\u00f3dja a szem\u00e9lyes adattal val\u00f3 vissza\u00e9l\u00e9snek, mely b\u00fcntet\u0151jogi kateg\u00f3ria akkor is, ha j\u00f3sz\u00e1nd\u00e9k\u00fa. Ilyenkor <strong>b\u00e1rki ellophatja\u00a0\u00e9s felhaszn\u00e1lhatja az adataidat<\/strong>, ak\u00e1r szerz\u0151d\u00e9sk\u00f6t\u00e9shez, ak\u00e1r v\u00e1s\u00e1rl\u00e1shoz, vagy legrosszabb esetben b\u0171ncselekm\u00e9nyhez. <a href=\"http:\/\/444.hu\/2014\/06\/26\/hetkoznapi-horror-rendszeresen-zaklatja-a-rendorseg-mert-het-eve-elloptak-az-iratait\/\">(Ha horror sztorit szeretn\u00e9l olvasni hasonl\u00f3 vissza\u00e9l\u00e9sr\u0151l, ide kattinthatsz.)<\/a><\/p>\r\n<p><a href=\"https:\/\/allergia.cafeblog.hu\/files\/2016\/07\/Igazolv\u00e1ny-megosztva.jpg\"><img class=\"aligncenter size-full wp-image-3950\" src=\"https:\/\/allergia.cafeblog.hu\/files\/2016\/07\/Igazolv\u00e1ny-megosztva.jpg\" alt=\"Igazolv\u00e1ny megosztva\" width=\"508\" height=\"568\" \/><\/a><\/p>\r\n<p style=\"text-align: center\"><strong>A fenti p\u00e9ld\u00e1ban mit k\u00f6vetett el a felt\u00f6lt\u0151?\u00a0<\/strong><\/p>\r\n<p>Egy emberr\u0151l az<strong> \u00f6sszes fontos szem\u00e9lyes adat\u00e1t nyilv\u00e1noss\u00e1gra hozta<\/strong> (term\u00e9szetesen \u00e9n jelen bejegyz\u00e9sben ezeket l\u00e1thatatlann\u00e1 tettem), valamint azt is, hogy az igazolv\u00e1ny tulajdonos\u00e1nak valamilyen eg\u00e9szs\u00e9g\u00fcgyi probl\u00e9m\u00e1ja -tart\u00f3s betegs\u00e9ge van (ez k\u00fcl\u00f6nleges adat). 934 ember egy napon bel\u00fcl meg is osztotta a nyilv\u00e1nos posztot, teh\u00e1t b\u00e1rki az \u00e9g vil\u00e1gon megszerezhette az illet\u0151 legfontosabb adatait.<\/p>\r\n<p>A posztol\u00f3 ezzel b\u0171ncselekm\u00e9nyt k\u00f6vetett el. Nem csak szem\u00e9lyes adattal \u00e9lt vissza, hanem k\u00fcl\u00f6nleges (eg\u00e9szs\u00e9g\u00fcgyi) adattal is vissza\u00e9lt. A posztot szint\u00e9n j\u00f3hiszem\u0171en megoszt\u00f3k szint\u00e9n seg\u00edtett\u00e9k ebben.<\/p>\r\n<blockquote>\r\n<p>\"A b\u0171ncselekm\u00e9ny\u00a0h\u00e1tt\u00e9rjogszab\u00e1lya els\u0151sorban az inform\u00e1ci\u00f3s \u00f6nrendelkez\u00e9si jogr\u00f3l \u00e9s az inform\u00e1ci\u00f3szabads\u00e1gr\u00f3l sz\u00f3l\u00f3 2011. \u00e9vi CXII. tv. (Infotv.). Az Infotv. 3. \u00a7 2. pontja \u00e9rtelm\u00e9ben szem\u00e9lyes adat: az \u00e9rintettel kapcsolatba hozhat\u00f3 adat \u2013 k\u00fcl\u00f6n\u00f6sen az \u00e9rintett neve, azonos\u00edt\u00f3 jele, valamint egy vagy t\u00f6bb fizikai, fiziol\u00f3giai, ment\u00e1lis, gazdas\u00e1gi, kultur\u00e1lis vagy szoci\u00e1lis azonoss\u00e1g\u00e1ra jellemz\u0151 ismeret -, valamint az adatb\u00f3l levonhat\u00f3, az \u00e9rintettre vonatkoz\u00f3 k\u00f6vetkeztet\u00e9s.<\/p>\r\n<p>A bcs. <b>elk\u00f6vet\u00e9si<\/b> <b>magatart\u00e1sai<\/b> a jogosulatlan vagy a c\u00e9lt\u00f3l elt\u00e9r\u0151 adatkezel\u00e9s, az adatok biztons\u00e1g\u00e1t szolg\u00e1l\u00f3 int\u00e9zked\u00e9s elmulaszt\u00e1sa, illetve a t\u00e1j\u00e9koztat\u00e1si k\u00f6telezetts\u00e9g megszeg\u00e9se.<\/p>\r\n<p>Az Infotv. 3. \u00a7 10. pontja szerint <b>adatkezel\u00e9s<\/b>: az alkalmazott elj\u00e1r\u00e1st\u00f3l f\u00fcggetlen\u00fcl az adatokon v\u00e9gzett b\u00e1rmely m\u0171velet v. a m\u0171veletek \u00f6sszess\u00e9ge, \u00edgy k\u00fcl\u00f6n\u00f6sen gy\u0171jt\u00e9se, felv\u00e9tele, r\u00f6gz\u00edt\u00e9se, rendszerez\u00e9se, t\u00e1rol\u00e1sa, megv\u00e1ltoztat\u00e1sa, felhaszn\u00e1l\u00e1sa, lek\u00e9rdez\u00e9se, tov\u00e1bb\u00edt\u00e1sa, nyilv\u00e1noss\u00e1gra hozatala, \u00f6sszehangol\u00e1sa v. \u00f6sszekapcsol\u00e1sa, z\u00e1rol\u00e1sa, t\u00f6rl\u00e9se \u00e9s megsemmis\u00edt\u00e9se, vmint az adatok tov\u00e1bbi felhaszn\u00e1l\u00e1s\u00e1nak megakad\u00e1lyoz\u00e1sa, f\u00e9nyk\u00e9p-, hang- vagy k\u00e9pfelv\u00e9tel k\u00e9sz\u00edt\u00e9se, valamint a szem\u00e9ly azonos\u00edt\u00e1s\u00e1ra alkalmas fizikai jellemz\u0151k (pl. ujj- vagy teny\u00e9rnyomat, DNS-minta, \u00edriszk\u00e9p) r\u00f6gz\u00edt\u00e9se.<\/p>\r\n<p>Az adatok biztons\u00e1g\u00e1t szolg\u00e1l\u00f3 int\u00e9zked\u00e9s elmulaszt\u00e1s\u00e1val kapcsolatban az <b>adatbiztons\u00e1g<\/b><b>k\u00f6vetelm\u00e9ny\u00e9t<\/b> az Infotv. 7. \u00a7-a hat\u00e1rozza meg: az adatkezel\u0151, ill. tev\u00e9kenys\u00e9gi k\u00f6r\u00e9ben az adatfeldolgoz\u00f3 k\u00f6teles gondoskodni az adatok biztons\u00e1g\u00e1-r\u00f3l, k\u00f6teles tov\u00e1bb\u00e1 megtenni azokat a technikai \u00e9s szervez\u00e9si int\u00e9zked\u00e9seket \u00e9s kialak\u00edtani azokat az elj\u00e1r\u00e1si szab\u00e1lyokat, amelyek e tv, vmint az egy\u00e9b adat- \u00e9s titokv\u00e9delmi szab\u00e1lyok \u00e9rv\u00e9nyre juttat\u00e1s\u00e1hoz sz\u00fcks\u00e9gesek. Az adatokat megfelel\u0151 int\u00e9zked\u00e9sekkel v\u00e9deni kell k\u00fcl\u00f6n\u00f6sen a jogosulatlan hozz\u00e1f\u00e9r\u00e9s, megv\u00e1ltoztat\u00e1s, tov\u00e1bb\u00edt\u00e1s, nyilv\u00e1noss\u00e1gra hozatal, t\u00f6rl\u00e9s v. megsemmis\u00edt\u00e9s, valamint a v\u00e9letlen megsemmis\u00fcl\u00e9s \u00e9s s\u00e9r\u00fcl\u00e9s, tov\u00e1bb\u00e1 az alkalmazott technika megv\u00e1ltoz\u00e1s\u00e1b\u00f3l fakad\u00f3 hozz\u00e1f\u00e9rhetetlenn\u00e9 v\u00e1l\u00e1s ellen. Az adat biztons\u00e1g\u00e1t szolg\u00e1l\u00f3 int\u00e9zked\u00e9s jellege az adat fajt\u00e1j\u00e1t\u00f3l f\u00fcgg. Az adatkezel\u0151k, ill. a szem\u00e9lyes adatfajt\u00e1k sokf\u00e9les\u00e9ge miatt az ilyen int\u00e9zked\u00e9sek kimer\u00edt\u0151 meghat\u00e1roz\u00e1sa nem lehets\u00e9ges.<\/p>\r\n<p>...<\/p>\r\n<p>S\u00falyosabban b\u00fcntetend\u0151, aki a szem\u00e9lyes adattal vissza\u00e9l\u00e9st k\u00fcl\u00f6nleges adatra k\u00f6veti el. A (3) bekezd\u00e9sben szerepl\u0151 rendelkez\u00e9s a k\u00fcl\u00f6nleges szem\u00e9lyes adat fogalma helyett a k\u00fcl\u00f6nleges adat fogalm\u00e1t szerepelteti, figyelemmel az Infotv. 3. \u00a7 3. pontj\u00e1ban haszn\u00e1lt terminol\u00f3gi\u00e1ra, mivel a k\u00fcl\u00f6nleges adat sz\u00fcks\u00e9gszer\u0171en szem\u00e9lyes adatnak sz\u00e1m\u00edt. Ennek \u00e9rtelm\u00e9ben k\u00fcl\u00f6nleges adat a faji eredetre, a nemzetis\u00e9ghez tartoz\u00e1sra, a politikai v\u00e9lem\u00e9nyre vagy p\u00e1rt\u00e1ll\u00e1sra, a vall\u00e1sos vagy m\u00e1s vil\u00e1gn\u00e9zeti meggy\u0151z\u0151d\u00e9sre, az \u00e9rdek-k\u00e9pviseleti szervezeti tags\u00e1gra, a szexu\u00e1lis \u00e9letre vonatkoz\u00f3 szem\u00e9lyes adat, az eg\u00e9szs\u00e9gi \u00e1llapotra, a k\u00f3ros szenved\u00e9lyre vonatkoz\u00f3 szem\u00e9lyes adat, a b\u0171n\u00fcgyi szem\u00e9lyes adat. Min\u0151s\u00edtett esetet k\u00e9pez, ha a szem\u00e9lyes adattal vissza\u00e9l\u00e9st hivatalos szem\u00e9lyk\u00e9nt vagy k\u00f6zmegb\u00edzat\u00e1s felhaszn\u00e1l\u00e1s\u00e1val k\u00f6vetik el.\"<\/p>\r\n<\/blockquote>\r\n<p><a href=\"http:\/\/buntetojog.info\/kulonos-resz\/btk-219-%C2%A7-szemelyes-adattal-visszaeles\/\">A b\u00fcntet\u0151jogi magyar\u00e1zat forr\u00e1sa ide kattintva el\u00e9rhet\u0151.<\/a><\/p>\r\n<p>Ha csak sim\u00e1n elveszted az igazolv\u00e1nyod, akkor is elk\u00e9pzelhet\u0151, hogy ak\u00e1r a nevedben szerz\u0151d\u00e9st k\u00f6tnek, mely\u00e9rt te felelsz... Ha ellopt\u00e1k a t\u00e1sk\u00e1d az igazolv\u00e1nyaiddal, vagy csak elhagytad, <a href=\"http:\/\/kormanyablak.hu\/hu\/feladatkorok\/6\/OKMIR00010\">akkor is azonnal be kell jelenteni a legk\u00f6zelebbi okm\u00e1nyirod\u00e1ban<\/a>, illetve ha ellopt\u00e1k, jelezd a rend\u0151rs\u00e9gen is.<\/p>\r\n<p><span style=\"color: #ff0000\"><strong>Ha pedig igazolv\u00e1nyt tal\u00e1lsz - azonnal add le a hozz\u00e1d legk\u00f6zelebbi okm\u00e1nyirod\u00e1ba, \u00e9s semmik\u00e9ppen se rakj fel szem\u00e9lyi adatok lop\u00e1s\u00e1ra is alkalmas Facebook posztokat! Ha ilyen posztot l\u00e1tsz, ne oszd meg, h\u00edvd fel a megoszt\u00f3 figyelm\u00e9t arra, hogy ezzel a poszttal szem\u00e9lyi adatokkal \u00e9l vissza, \u00e9s vegye le min\u00e9l el\u0151bb a bejegyz\u00e9s\u00e9t!<\/strong><\/span><\/p>\r\n<p>&nbsp;<\/p>\r\n<p><em>A tov\u00e1bbi cikkek\u00e9rt k\u00f6vesd\u00a0<a href=\"https:\/\/www.facebook.com\/allergia.cafeblog?fref=ts\">Allergia Blog<\/a> Facebook oldalunkat!\u00a0<\/em><\/p>\r\n<p><em><span style=\"color: #333399\">Ha van szem\u00e9lyes t\u00f6rt\u00e9neted, amit szeretn\u00e9l megosztani, vagy csak ki\u00edrni magadb\u00f3l hogy jobban \u00e9rezd magad, esetleg tapasztalatokkal, receptekkel seg\u00edten\u00e9l \u00e9telallergi\u00e1s\/\u00e9rz\u00e9keny sorst\u00e1rsaidon \u2013 v\u00e1rom a leveled az\u00a0<\/span> <span style=\"color: #ff0000\">allergia.cafeblog@gmail.com<\/span> <span style=\"color: #333399\">-ra. Ak\u00e1r meg is jelenhet az oldalunkon az \u00edr\u00e1sod!<\/span><\/em><\/p>\r\n<p><em><span style=\"color: #333399\">K\u00f6sz\u00f6nettel: Lin, Noiro \u00e9s Tibor<\/span><\/em><\/p>\r\n<p>&nbsp;<\/p>\r\n<p>&nbsp;<\/p>","type":"rich","thumbnail_url":"https:\/\/allergia.cafeblog.hu\/files\/2016\/07\/Igazolv\u00e1ny-megosztva-150x150.jpg","thumbnail_width":150,"thumbnail_height":150}

Allergia és életmód

Veszélyben vannak a személyes adataid!

<p>A közösségi médián keresztül a jóakarók is elősegíthetik, hogy visszaéljenek a személyes és a különleges adataiddal! </p>
<p><em>Ha egy posztban személyi igazolványt, vagy egyéb személyes adatokat tartalmazó igazolványt látsz a közösségi médiában, azonnal jelezd a megosztó felé, hogy <strong>tilos ilyen adatokat megosztani, mert bűncselekményt követ el ezzel</strong>. Senki sem szeretne úgy járni, hogy az igazolványa adataival valaki jogsértést kövessen el, pedig csak egy jóhiszemű posztoló könnyebb útnak találta felrakni az internetre nyilvánosan, hátha a gazdája így jelentkezik. </em></p>
<p><strong><span style="color: #ff0000">Ha igazolványt találsz, azonnal add le a legközelebbi okmányirodában!</span></strong></p>
<p>Egyre több kedves megtaláló teszi fel a talált igazolványokat kitakaratlan személyes adatokkal a Facebookra nyilvánosan. Tulajdonképpen ez is egy módja a személyes adattal való visszaélésnek, mely büntetőjogi kategória akkor is, ha jószándékú. Ilyenkor <strong>bárki ellophatja és felhasználhatja az adataidat</strong>, akár szerződéskötéshez, akár vásárláshoz, vagy legrosszabb esetben bűncselekményhez. <a href="http://444.hu/2014/06/26/hetkoznapi-horror-rendszeresen-zaklatja-a-rendorseg-mert-het-eve-elloptak-az-iratait/">(Ha horror sztorit szeretnél olvasni hasonló visszaélésről, ide kattinthatsz.)</a></p>
<p><a href="https://allergia.cafeblog.hu/files/2016/07/Igazolvány-megosztva.jpg"><img class="aligncenter size-full wp-image-3950" src="https://allergia.cafeblog.hu/files/2016/07/Igazolvány-megosztva.jpg" alt="Igazolvány megosztva" width="508" height="568" /></a></p>
<p style="text-align: center"><strong>A fenti példában mit követett el a feltöltő? </strong></p>
<p>Egy emberről az<strong> összes fontos személyes adatát nyilvánosságra hozta</strong> (természetesen én jelen bejegyzésben ezeket láthatatlanná tettem), valamint azt is, hogy az igazolvány tulajdonosának valamilyen egészségügyi problémája -tartós betegsége van (ez különleges adat). 934 ember egy napon belül meg is osztotta a nyilvános posztot, tehát bárki az ég világon megszerezhette az illető legfontosabb adatait.</p>
<p>A posztoló ezzel bűncselekményt követett el. Nem csak személyes adattal élt vissza, hanem különleges (egészségügyi) adattal is visszaélt. A posztot szintén jóhiszeműen megosztók szintén segítették ebben.</p>
<blockquote>
<p>"A bűncselekmény háttérjogszabálya elsősorban az információs önrendelkezési jogról és az információszabadságról szóló 2011. évi CXII. tv. (Infotv.). Az Infotv. 3. § 2. pontja értelmében személyes adat: az érintettel kapcsolatba hozható adat – különösen az érintett neve, azonosító jele, valamint egy vagy több fizikai, fiziológiai, mentális, gazdasági, kulturális vagy szociális azonosságára jellemző ismeret -, valamint az adatból levonható, az érintettre vonatkozó következtetés.</p>
<p>A bcs. <b>elkövetési</b> <b>magatartásai</b> a jogosulatlan vagy a céltól eltérő adatkezelés, az adatok biztonságát szolgáló intézkedés elmulasztása, illetve a tájékoztatási kötelezettség megszegése.</p>
<p>Az Infotv. 3. § 10. pontja szerint <b>adatkezelés</b>: az alkalmazott eljárástól függetlenül az adatokon végzett bármely művelet v. a műveletek összessége, így különösen gyűjtése, felvétele, rögzítése, rendszerezése, tárolása, megváltoztatása, felhasználása, lekérdezése, továbbítása, nyilvánosságra hozatala, összehangolása v. összekapcsolása, zárolása, törlése és megsemmisítése, vmint az adatok további felhasználásának megakadályozása, fénykép-, hang- vagy képfelvétel készítése, valamint a személy azonosítására alkalmas fizikai jellemzők (pl. ujj- vagy tenyérnyomat, DNS-minta, íriszkép) rögzítése.</p>
<p>Az adatok biztonságát szolgáló intézkedés elmulasztásával kapcsolatban az <b>adatbiztonság</b><b>követelményét</b> az Infotv. 7. §-a határozza meg: az adatkezelő, ill. tevékenységi körében az adatfeldolgozó köteles gondoskodni az adatok biztonságá-ról, köteles továbbá megtenni azokat a technikai és szervezési intézkedéseket és kialakítani azokat az eljárási szabályokat, amelyek e tv, vmint az egyéb adat- és titokvédelmi szabályok érvényre juttatásához szükségesek. Az adatokat megfelelő intézkedésekkel védeni kell különösen a jogosulatlan hozzáférés, megváltoztatás, továbbítás, nyilvánosságra hozatal, törlés v. megsemmisítés, valamint a véletlen megsemmisülés és sérülés, továbbá az alkalmazott technika megváltozásából fakadó hozzáférhetetlenné válás ellen. Az adat biztonságát szolgáló intézkedés jellege az adat fajtájától függ. Az adatkezelők, ill. a személyes adatfajták sokfélesége miatt az ilyen intézkedések kimerítő meghatározása nem lehetséges.</p>
<p>...</p>
<p>Súlyosabban büntetendő, aki a személyes adattal visszaélést különleges adatra követi el. A (3) bekezdésben szereplő rendelkezés a különleges személyes adat fogalma helyett a különleges adat fogalmát szerepelteti, figyelemmel az Infotv. 3. § 3. pontjában használt terminológiára, mivel a különleges adat szükségszerűen személyes adatnak számít. Ennek értelmében különleges adat a faji eredetre, a nemzetiséghez tartozásra, a politikai véleményre vagy pártállásra, a vallásos vagy más világnézeti meggyőződésre, az érdek-képviseleti szervezeti tagságra, a szexuális életre vonatkozó személyes adat, az egészségi állapotra, a kóros szenvedélyre vonatkozó személyes adat, a bűnügyi személyes adat. Minősített esetet képez, ha a személyes adattal visszaélést hivatalos személyként vagy közmegbízatás felhasználásával követik el."</p>
</blockquote>
<p><a href="http://buntetojog.info/kulonos-resz/btk-219-%C2%A7-szemelyes-adattal-visszaeles/">A büntetőjogi magyarázat forrása ide kattintva elérhető.</a></p>
<p>Ha csak simán elveszted az igazolványod, akkor is elképzelhető, hogy akár a nevedben szerződést kötnek, melyért te felelsz... Ha ellopták a táskád az igazolványaiddal, vagy csak elhagytad, <a href="http://kormanyablak.hu/hu/feladatkorok/6/OKMIR00010">akkor is azonnal be kell jelenteni a legközelebbi okmányirodában</a>, illetve ha ellopták, jelezd a rendőrségen is.</p>
<p><span style="color: #ff0000"><strong>Ha pedig igazolványt találsz - azonnal add le a hozzád legközelebbi okmányirodába, és semmiképpen se rakj fel személyi adatok lopására is alkalmas Facebook posztokat! Ha ilyen posztot látsz, ne oszd meg, hívd fel a megosztó figyelmét arra, hogy ezzel a poszttal személyi adatokkal él vissza, és vegye le minél előbb a bejegyzését!</strong></span></p>
<p>&nbsp;</p>
<p><em>A további cikkekért kövesd <a href="https://www.facebook.com/allergia.cafeblog?fref=ts">Allergia Blog</a> Facebook oldalunkat! </em></p>
<p><em><span style="color: #333399">Ha van személyes történeted, amit szeretnél megosztani, vagy csak kiírni magadból hogy jobban érezd magad, esetleg tapasztalatokkal, receptekkel segítenél ételallergiás/érzékeny sorstársaidon – várom a leveled az </span> <span style="color: #ff0000">allergia.cafeblog@gmail.com</span> <span style="color: #333399">-ra. Akár meg is jelenhet az oldalunkon az írásod!</span></em></p>
<p><em><span style="color: #333399">Köszönettel: Lin, Noiro és Tibor</span></em></p>
<p>&nbsp;</p>
<p>&nbsp;</p>

https://allergia.cafeblog.hu/files/2016/07/Igazolvány-megosztva-150x150.jpg
